[INFO] fetching crate objrs_runtime 0.0.2...
[INFO] checking objrs_runtime-0.0.2 against master#9610dfe5a9a731ced1ea4923ecbd0c57fe367898 for beta-170-4
[INFO] extracting crate objrs_runtime 0.0.2 into /workspace/builds/worker-0-tc1/source
[INFO] validating manifest of crates.io crate objrs_runtime 0.0.2 on toolchain 9610dfe5a9a731ced1ea4923ecbd0c57fe367898
[INFO] running `Command { std: CARGO_HOME="/workspace/cargo-home" RUSTUP_HOME="/workspace/rustup-home" "/workspace/cargo-home/bin/cargo" "+9610dfe5a9a731ced1ea4923ecbd0c57fe367898" "metadata" "--manifest-path" "Cargo.toml" "--no-deps", kill_on_drop: false }`
[INFO] started tweaking crates.io crate objrs_runtime 0.0.2
[INFO] finished tweaking crates.io crate objrs_runtime 0.0.2
[INFO] tweaked toml for crates.io crate objrs_runtime 0.0.2 written to /workspace/builds/worker-0-tc1/source/Cargo.toml
[INFO] running `Command { std: CARGO_HOME="/workspace/cargo-home" RUSTUP_HOME="/workspace/rustup-home" __CARGO_TEST_CHANNEL_OVERRIDE_DO_NOT_USE_THIS="nightly" "/workspace/cargo-home/bin/cargo" "+9610dfe5a9a731ced1ea4923ecbd0c57fe367898" "generate-lockfile" "--manifest-path" "Cargo.toml" "-Zno-index-update", kill_on_drop: false }`
[INFO] running `Command { std: CARGO_HOME="/workspace/cargo-home" RUSTUP_HOME="/workspace/rustup-home" "/workspace/cargo-home/bin/cargo" "+9610dfe5a9a731ced1ea4923ecbd0c57fe367898" "fetch" "--manifest-path" "Cargo.toml", kill_on_drop: false }`
[INFO] running `Command { std: "docker" "create" "-v" "/var/lib/crater-agent-workspace/builds/worker-0-tc1/target:/opt/rustwide/target:rw,Z" "-v" "/var/lib/crater-agent-workspace/builds/worker-0-tc1/source:/opt/rustwide/workdir:ro,Z" "-v" "/var/lib/crater-agent-workspace/cargo-home:/opt/rustwide/cargo-home:ro,Z" "-v" "/var/lib/crater-agent-workspace/rustup-home:/opt/rustwide/rustup-home:ro,Z" "-e" "SOURCE_DIR=/opt/rustwide/workdir" "-e" "CARGO_TARGET_DIR=/opt/rustwide/target" "-e" "CARGO_HOME=/opt/rustwide/cargo-home" "-e" "RUSTUP_HOME=/opt/rustwide/rustup-home" "-w" "/opt/rustwide/workdir" "-m" "1610612736" "--user" "0:0" "--network" "none" "ghcr.io/rust-lang/crates-build-env/linux@sha256:5ff2268d62e97bff2cde7d5815dd6ed5b47097566f13b8d0ca110b04b60e07ed" "/opt/rustwide/cargo-home/bin/cargo" "+9610dfe5a9a731ced1ea4923ecbd0c57fe367898" "metadata" "--no-deps" "--format-version=1", kill_on_drop: false }`
[INFO] [stdout] 58e1fdf75c9bd68ad815ef8117778cd1f816290c5a2380ffe945ca9babb47134
[INFO] running `Command { std: "docker" "start" "-a" "58e1fdf75c9bd68ad815ef8117778cd1f816290c5a2380ffe945ca9babb47134", kill_on_drop: false }`
[INFO] running `Command { std: "docker" "inspect" "58e1fdf75c9bd68ad815ef8117778cd1f816290c5a2380ffe945ca9babb47134", kill_on_drop: false }`
[INFO] running `Command { std: "docker" "rm" "-f" "58e1fdf75c9bd68ad815ef8117778cd1f816290c5a2380ffe945ca9babb47134", kill_on_drop: false }`
[INFO] [stdout] 58e1fdf75c9bd68ad815ef8117778cd1f816290c5a2380ffe945ca9babb47134
[INFO] running `Command { std: "docker" "create" "-v" "/var/lib/crater-agent-workspace/builds/worker-0-tc1/target:/opt/rustwide/target:rw,Z" "-v" "/var/lib/crater-agent-workspace/builds/worker-0-tc1/source:/opt/rustwide/workdir:ro,Z" "-v" "/var/lib/crater-agent-workspace/cargo-home:/opt/rustwide/cargo-home:ro,Z" "-v" "/var/lib/crater-agent-workspace/rustup-home:/opt/rustwide/rustup-home:ro,Z" "-e" "SOURCE_DIR=/opt/rustwide/workdir" "-e" "CARGO_TARGET_DIR=/opt/rustwide/target" "-e" "CARGO_INCREMENTAL=0" "-e" "RUST_BACKTRACE=full" "-e" "RUSTFLAGS=--cap-lints=forbid" "-e" "RUSTDOCFLAGS=--cap-lints=forbid" "-e" "CARGO_HOME=/opt/rustwide/cargo-home" "-e" "RUSTUP_HOME=/opt/rustwide/rustup-home" "-w" "/opt/rustwide/workdir" "-m" "1610612736" "--user" "0:0" "--network" "none" "ghcr.io/rust-lang/crates-build-env/linux@sha256:5ff2268d62e97bff2cde7d5815dd6ed5b47097566f13b8d0ca110b04b60e07ed" "/opt/rustwide/cargo-home/bin/cargo" "+9610dfe5a9a731ced1ea4923ecbd0c57fe367898" "check" "--frozen" "--all" "--all-targets" "--message-format=json", kill_on_drop: false }`
[INFO] [stdout] 98caaf05d920ad2fc79ba7e80ee1abd283dac10888b853afaae82ee305a94739
[INFO] running `Command { std: "docker" "start" "-a" "98caaf05d920ad2fc79ba7e80ee1abd283dac10888b853afaae82ee305a94739", kill_on_drop: false }`
[INFO] [stderr]    Compiling libc v0.2.144
[INFO] [stderr]     Checking objrs_runtime v0.0.2 (/opt/rustwide/workdir)
[INFO] [stdout] error[E0557]: feature has been removed
[INFO] [stdout]  --> src/lib.rs:7:24
[INFO] [stdout]   |
[INFO] [stdout] 7 | #![feature(global_asm, untagged_unions)]
[INFO] [stdout]   |                        ^^^^^^^^^^^^^^^ feature has been removed
[INFO] [stdout]   |
[INFO] [stdout]   = note: unions with `Copy` and `ManuallyDrop` fields are stable; there is no intent to stabilize more
[INFO] [stdout] 
[INFO] [stdout] 
[INFO] [stdout] error[E0557]: feature has been removed
[INFO] [stdout]  --> src/lib.rs:7:24
[INFO] [stdout]   |
[INFO] [stdout] 7 | #![feature(global_asm, untagged_unions)]
[INFO] [stdout]   |                        ^^^^^^^^^^^^^^^ feature has been removed
[INFO] [stdout]   |
[INFO] [stdout]   = note: unions with `Copy` and `ManuallyDrop` fields are stable; there is no intent to stabilize more
[INFO] [stdout] 
[INFO] [stdout] 
[INFO] [stdout] error: cannot find macro `global_asm` in this scope
[INFO] [stdout]    --> src/objc_exception.rs:144:1
[INFO] [stdout]     |
[INFO] [stdout] 144 | global_asm!{r#"
[INFO] [stdout]     | ^^^^^^^^^^
[INFO] [stdout]     |
[INFO] [stdout]     = help: consider importing this macro:
[INFO] [stdout]             core::arch::global_asm
[INFO] [stdout] 
[INFO] [stdout] 
[INFO] [stdout] error: cannot find macro `global_asm` in this scope
[INFO] [stdout]    --> src/objc_exception.rs:144:1
[INFO] [stdout]     |
[INFO] [stdout] 144 | global_asm!{r#"
[INFO] [stdout]     | ^^^^^^^^^^
[INFO] [stdout]     |
[INFO] [stdout]     = help: consider importing this macro:
[INFO] [stdout]             core::arch::global_asm
[INFO] [stdout] 
[INFO] [stdout] 
[INFO] [stdout] warning: unknown lint: `unions_with_drop_fields`
[INFO] [stdout]   --> src/objc_exception.rs:94:11
[INFO] [stdout]    |
[INFO] [stdout] 94 |   #[allow(unions_with_drop_fields)]
[INFO] [stdout]    |           ^^^^^^^^^^^^^^^^^^^^^^^
[INFO] [stdout]    |
[INFO] [stdout]    = note: `#[warn(unknown_lints)]` on by default
[INFO] [stdout] 
[INFO] [stdout] 
[INFO] [stdout] warning: unknown lint: `unions_with_drop_fields`
[INFO] [stdout]   --> src/objc_exception.rs:94:11
[INFO] [stdout]    |
[INFO] [stdout] 94 |   #[allow(unions_with_drop_fields)]
[INFO] [stdout]    |           ^^^^^^^^^^^^^^^^^^^^^^^
[INFO] [stdout]    |
[INFO] [stdout]    = note: `#[warn(unknown_lints)]` on by default
[INFO] [stdout] 
[INFO] [stdout] 
[INFO] [stdout] warning: use of deprecated function `core::mem::uninitialized`: use `mem::MaybeUninit` instead
[INFO] [stdout]    --> src/objc_exception.rs:109:43
[INFO] [stdout]     |
[INFO] [stdout] 109 |   let mut exception = unsafe { core::mem::uninitialized() };
[INFO] [stdout]     |                                           ^^^^^^^^^^^^^
[INFO] [stdout]     |
[INFO] [stdout]     = note: `#[warn(deprecated)]` on by default
[INFO] [stdout] 
[INFO] [stdout] 
[INFO] [stdout] warning: the feature `global_asm` has been stable since 1.59.0 and no longer requires an attribute to enable
[INFO] [stdout]  --> src/lib.rs:7:12
[INFO] [stdout]   |
[INFO] [stdout] 7 | #![feature(global_asm, untagged_unions)]
[INFO] [stdout]   |            ^^^^^^^^^^
[INFO] [stdout]   |
[INFO] [stdout]   = note: `#[warn(stable_features)]` on by default
[INFO] [stdout] 
[INFO] [stdout] 
[INFO] [stdout] warning: use of deprecated function `core::mem::uninitialized`: use `mem::MaybeUninit` instead
[INFO] [stdout]    --> src/objc_exception.rs:109:43
[INFO] [stdout]     |
[INFO] [stdout] 109 |   let mut exception = unsafe { core::mem::uninitialized() };
[INFO] [stdout]     |                                           ^^^^^^^^^^^^^
[INFO] [stdout]     |
[INFO] [stdout]     = note: `#[warn(deprecated)]` on by default
[INFO] [stdout] 
[INFO] [stdout] 
[INFO] [stdout] warning: the feature `global_asm` has been stable since 1.59.0 and no longer requires an attribute to enable
[INFO] [stdout]  --> src/lib.rs:7:12
[INFO] [stdout]   |
[INFO] [stdout] 7 | #![feature(global_asm, untagged_unions)]
[INFO] [stdout]   |            ^^^^^^^^^^
[INFO] [stdout]   |
[INFO] [stdout]   = note: `#[warn(stable_features)]` on by default
[INFO] [stdout] 
[INFO] [stdout] 
[INFO] [stdout] error[E0740]: field must implement `Copy` or be wrapped in `ManuallyDrop<...>` to be used in a union
[INFO] [stdout]   --> src/objc_exception.rs:96:5
[INFO] [stdout]    |
[INFO] [stdout] 96 |     f: F,
[INFO] [stdout]    |     ^^^^
[INFO] [stdout]    |
[INFO] [stdout]    = note: union fields must not have drop side-effects, which is currently enforced via either `Copy` or `ManuallyDrop<...>`
[INFO] [stdout] help: wrap the field type in `ManuallyDrop<...>`
[INFO] [stdout]    |
[INFO] [stdout] 96 |     f: std::mem::ManuallyDrop<F>,
[INFO] [stdout]    |        +++++++++++++++++++++++ +
[INFO] [stdout] 
[INFO] [stdout] 
[INFO] [stdout] error: aborting due to 3 previous errors; 3 warnings emitted
[INFO] [stdout] 
[INFO] [stdout] 
[INFO] [stdout] Some errors have detailed explanations: E0557, E0740.
[INFO] [stdout] 
[INFO] [stdout] For more information about an error, try `rustc --explain E0557`.
[INFO] [stdout] 
[INFO] [stdout] error[E0740]: field must implement `Copy` or be wrapped in `ManuallyDrop<...>` to be used in a union
[INFO] [stdout]   --> src/objc_exception.rs:96:5
[INFO] [stdout]    |
[INFO] [stdout] 96 |     f: F,
[INFO] [stdout]    |     ^^^^
[INFO] [stdout]    |
[INFO] [stdout]    = note: union fields must not have drop side-effects, which is currently enforced via either `Copy` or `ManuallyDrop<...>`
[INFO] [stdout] help: wrap the field type in `ManuallyDrop<...>`
[INFO] [stdout]    |
[INFO] [stdout] 96 |     f: std::mem::ManuallyDrop<F>,
[INFO] [stdout]    |        +++++++++++++++++++++++ +
[INFO] [stdout] 
[INFO] [stdout] 
[INFO] [stderr] error: could not compile `objrs_runtime` (lib) due to 4 previous errors; 3 warnings emitted
[INFO] [stderr] warning: build failed, waiting for other jobs to finish...
[INFO] [stdout] error: aborting due to 3 previous errors; 3 warnings emitted
[INFO] [stdout] 
[INFO] [stdout] 
[INFO] [stdout] Some errors have detailed explanations: E0557, E0740.
[INFO] [stdout] 
[INFO] [stdout] For more information about an error, try `rustc --explain E0557`.
[INFO] [stdout] 
[INFO] [stderr] error: could not compile `objrs_runtime` (lib test) due to 4 previous errors; 3 warnings emitted
[INFO] running `Command { std: "docker" "inspect" "98caaf05d920ad2fc79ba7e80ee1abd283dac10888b853afaae82ee305a94739", kill_on_drop: false }`
[INFO] running `Command { std: "docker" "rm" "-f" "98caaf05d920ad2fc79ba7e80ee1abd283dac10888b853afaae82ee305a94739", kill_on_drop: false }`
[INFO] [stdout] 98caaf05d920ad2fc79ba7e80ee1abd283dac10888b853afaae82ee305a94739
